{"id":2,"date":"2017-12-12T15:34:36","date_gmt":"2017-12-12T14:34:36","guid":{"rendered":"http:\/\/atelier2011.sk\/?page_id=2"},"modified":"2022-10-30T21:57:11","modified_gmt":"2022-10-30T20:57:11","slug":"ukazka-strany","status":"publish","type":"page","link":"http:\/\/atelier2011.sk\/?page_id=2","title":{"rendered":""},"content":{"rendered":"<p>[vc_row 0=&#8220;&#8220;][vc_column 0=&#8220;&#8220;][vc_column_text]<div class=\"wl-section-heading wl-59824734315396404972 \"><h2 class=\"wl-margintopzero wl-73837402625369081027\">kontaktujte n\u00e1s<\/h2><\/div><p> Povedzte n\u00e1m o svojom projekte a svojich v\u00fdzvach. Pode\u013ete sa o svoje po\u017eiadavky a\u00a0z\u00e1kladn\u00e9 inform\u00e1cie projekte.<\/p>\n<p>Poskytneme v\u00e1m bezplatn\u00fa cenov\u00fa ponuku a\u00a0konzult\u00e1ciu. <\/p><div class=\"wl-section-heading wl-1799875935580706974 \"><h2 class=\"wl-margintopzero wl-59146635130667548394\">slu\u017eby<\/h2><\/div><p> Pod\u013ea n\u00e1ro\u010dnosti a\u00a0rozpo\u010dtu V\u00e1m za\u010dneme pripravova\u0165 dokument\u00e1ciu, hmotov\u00e9 \u0161t\u00fadie alebo 3D vizualiz\u00e1cie.<\/p>\n<ul>\n<li>Dispozi\u010dn\u00fd v\u00fdkres<\/li>\n<li>V\u00fdkresov\u00e1 dokument\u00e1cia pre profesistov<\/li>\n<li>Hmotov\u00e1 \u0161t\u00fadia \/ skica<\/li>\n<li>3D vizualiz\u00e1cie<\/li>\n<li>3D foto realistick\u00e9 vizualiz\u00e1cie<\/li>\n<li>Doh\u013ead nad v\u00fdrobou a realiz\u00e1ciou n\u00e1bytku (v\u00fdroba \u2013 subdod\u00e1vka)<\/li>\n<\/ul>\n<p>Po\u010das realiz\u00e1cie v\u00e1\u0161ho projektu sme V\u00e1m k\u00a0dispoz\u00edcii v\u00a0r\u00e1mci konzulta\u010dn\u00fdch hod\u00edn, aby sme z\u00edskali Va\u0161u sp\u00e4tn\u00fa v\u00e4zbu a\u00a0vyrie\u0161ili otvoren\u00e9 ot\u00e1zky priamo na stavbe. <\/p>[\/vc_column_text][\/vc_column][\/vc_row][vc_row 0=&#8220;&#8220;][vc_column 0=&#8220;&#8220;][vc_images_carousel images=&#8220;659,657,660&#8243; img_size=&#8220;full&#8220; onclick=&#8220;link_no&#8220; speed=&#8220;3500&#8243; autoplay=&#8220;yes&#8220; hide_prev_next_buttons=&#8220;yes&#8220; wrap=&#8220;yes&#8220;][\/vc_column][\/vc_row][vc_row 0=&#8220;&#8220;][vc_column 0=&#8220;&#8220;][vc_cta h2=&#8220;        Potrebujete navrhn\u00fa\u0165 a vyrobi\u0165 nov\u00fd interi\u00e9r ?           &#8220; h4=&#8220;kontaktujte n\u00e1s telefonicky alebo mailom &#8220; shape=&#8220;square&#8220; style=&#8220;flat&#8220; add_button=&#8220;right&#8220; btn_title=&#8220; kontakt &#8220; btn_shape=&#8220;square&#8220; btn_color=&#8220;green&#8220; btn_size=&#8220;lg&#8220; btn_align=&#8220;left&#8220; btn_css_animation=&#8220;none&#8220; css_animation=&#8220;none&#8220; btn_link=&#8220;url:http%3A%2F%2Fatelier2011.sk%2F%3Fpage_id%3D17||target:%20_blank|&#8220;]M\u00e1me pre v\u00e1s nieko\u013eko tipov, ako sa pripravi\u0165 na ot\u00e1zky ktor\u00e9 budeme spolo\u010dne prebera\u0165.<\/p>\n<p>na \u010dom budeme konkr\u00e9tne pracova\u0165<\/p>\n<ul>\n<li>celkov\u00fd n\u00e1vrh interi\u00e9ru \/\u00a0 \u010das\u0165 interi\u00e9ru napr\u00edklad kuchy\u0148u, vstup alebo k\u00fape\u013e\u0148u alebo detsk\u00fa izbu<\/li>\n<li>predbe\u017en\u00fd rozsah zariadenia ATYP n\u00e1bytku<\/li>\n<li>v\u00fdkresov\u00e1 dokument\u00e1cia pre profesistov (elektro \/ voda \/ osvetlenie)<\/li>\n<li>rozloha v m2<\/li>\n<\/ul>\n<p>[\/vc_cta][\/vc_column][\/vc_row]<\/p>\n","protected":false},"excerpt":{"rendered":"<p>[vc_row 0=&#8220;&#8220;][vc_column 0=&#8220;&#8220;][vc_column_text][\/vc_column_text][\/vc_column][\/vc_row][vc_row 0=&#8220;&#8220;][vc_column 0=&#8220;&#8220;][vc_images_carousel images=&#8220;659,657,660&#8243; img_size=&#8220;full&#8220; onclick=&#8220;link_no&#8220; speed=&#8220;3500&#8243; autoplay=&#8220;yes&#8220; hide_prev_next_buttons=&#8220;yes&#8220; wrap=&#8220;yes&#8220;][\/vc_column][\/vc_row][vc_row 0=&#8220;&#8220;][vc_column 0=&#8220;&#8220;][vc_cta h2=&#8220; Potrebujete navrhn\u00fa\u0165 a vyrobi\u0165 nov\u00fd interi\u00e9r ? &#8220; h4=&#8220;kontaktujte n\u00e1s telefonicky alebo mailom &#8220; shape=&#8220;square&#8220; [&hellip;]<\/p>\n","protected":false},"author":1,"featured_media":0,"parent":0,"menu_order":0,"comment_status":"closed","ping_status":"open","template":"","meta":{"_mi_skip_tracking":false},"yoast_head":"<!-- This site is optimized with the Yoast SEO plugin v19.14 - https:\/\/yoast.com\/wordpress\/plugins\/seo\/ -->\n<title>- Atelier2011<\/title>\n<meta name=\"robots\" content=\"index, follow, max-snippet:-1, max-image-preview:large, max-video-preview:-1\" \/>\n<link rel=\"canonical\" href=\"http:\/\/atelier2011.sk\/?page_id=2\" \/>\n<meta property=\"og:locale\" content=\"sk_SK\" \/>\n<meta property=\"og:type\" content=\"article\" \/>\n<meta property=\"og:title\" content=\"- Atelier2011\" \/>\n<meta property=\"og:description\" content=\"[vc_row 0=&#8220;&#8220;][vc_column 0=&#8220;&#8220;][vc_column_text][\/vc_column_text][\/vc_column][\/vc_row][vc_row 0=&#8220;&#8220;][vc_column 0=&#8220;&#8220;][vc_images_carousel images=&#8220;659,657,660&#8243; img_size=&#8220;full&#8220; onclick=&#8220;link_no&#8220; speed=&#8220;3500&#8243; autoplay=&#8220;yes&#8220; hide_prev_next_buttons=&#8220;yes&#8220; wrap=&#8220;yes&#8220;][\/vc_column][\/vc_row][vc_row 0=&#8220;&#8220;][vc_column 0=&#8220;&#8220;][vc_cta h2=&#8220; Potrebujete navrhn\u00fa\u0165 a vyrobi\u0165 nov\u00fd interi\u00e9r ? &#8220; h4=&#8220;kontaktujte n\u00e1s telefonicky alebo mailom &#8220; shape=&#8220;square&#8220; [&hellip;]\" \/>\n<meta property=\"og:url\" content=\"http:\/\/atelier2011.sk\/?page_id=2\" \/>\n<meta property=\"og:site_name\" content=\"Atelier2011\" \/>\n<meta property=\"article:modified_time\" content=\"2022-10-30T20:57:11+00:00\" \/>\n<meta name=\"twitter:card\" content=\"summary_large_image\" \/>\n<meta name=\"twitter:label1\" content=\"Predpokladan\u00fd \u010das \u010d\u00edtania\" \/>\n\t<meta name=\"twitter:data1\" content=\"2 min\u00faty\" \/>\n<script type=\"application\/ld+json\" class=\"yoast-schema-graph\">{\"@context\":\"https:\/\/schema.org\",\"@graph\":[{\"@type\":\"WebPage\",\"@id\":\"http:\/\/atelier2011.sk\/?page_id=2\",\"url\":\"http:\/\/atelier2011.sk\/?page_id=2\",\"name\":\"- Atelier2011\",\"isPartOf\":{\"@id\":\"http:\/\/atelier2011.sk\/#website\"},\"datePublished\":\"2017-12-12T14:34:36+00:00\",\"dateModified\":\"2022-10-30T20:57:11+00:00\",\"inLanguage\":\"sk-SK\",\"potentialAction\":[{\"@type\":\"ReadAction\",\"target\":[\"http:\/\/atelier2011.sk\/?page_id=2\"]}]},{\"@type\":\"WebSite\",\"@id\":\"http:\/\/atelier2011.sk\/#website\",\"url\":\"http:\/\/atelier2011.sk\/\",\"name\":\"Atelier2011\",\"description\":\"\",\"publisher\":{\"@id\":\"http:\/\/atelier2011.sk\/#organization\"},\"potentialAction\":[{\"@type\":\"SearchAction\",\"target\":{\"@type\":\"EntryPoint\",\"urlTemplate\":\"http:\/\/atelier2011.sk\/?s={search_term_string}\"},\"query-input\":\"required name=search_term_string\"}],\"inLanguage\":\"sk-SK\"},{\"@type\":\"Organization\",\"@id\":\"http:\/\/atelier2011.sk\/#organization\",\"name\":\"Atelier2011\",\"url\":\"http:\/\/atelier2011.sk\/\",\"logo\":{\"@type\":\"ImageObject\",\"inLanguage\":\"sk-SK\",\"@id\":\"http:\/\/atelier2011.sk\/#\/schema\/logo\/image\/\",\"url\":\"http:\/\/atelier2011.sk\/wp-content\/uploads\/2018\/05\/Bez-n\u00e1zvu-1-logo-2.bmp\",\"contentUrl\":\"http:\/\/atelier2011.sk\/wp-content\/uploads\/2018\/05\/Bez-n\u00e1zvu-1-logo-2.bmp\",\"width\":187,\"height\":114,\"caption\":\"Atelier2011\"},\"image\":{\"@id\":\"http:\/\/atelier2011.sk\/#\/schema\/logo\/image\/\"}}]}<\/script>\n<!-- \/ Yoast SEO plugin. -->","yoast_head_json":{"title":"- Atelier2011","robots":{"index":"index","follow":"follow","max-snippet":"max-snippet:-1","max-image-preview":"max-image-preview:large","max-video-preview":"max-video-preview:-1"},"canonical":"http:\/\/atelier2011.sk\/?page_id=2","og_locale":"sk_SK","og_type":"article","og_title":"- Atelier2011","og_description":"[vc_row 0=&#8220;&#8220;][vc_column 0=&#8220;&#8220;][vc_column_text][\/vc_column_text][\/vc_column][\/vc_row][vc_row 0=&#8220;&#8220;][vc_column 0=&#8220;&#8220;][vc_images_carousel images=&#8220;659,657,660&#8243; img_size=&#8220;full&#8220; onclick=&#8220;link_no&#8220; speed=&#8220;3500&#8243; autoplay=&#8220;yes&#8220; hide_prev_next_buttons=&#8220;yes&#8220; wrap=&#8220;yes&#8220;][\/vc_column][\/vc_row][vc_row 0=&#8220;&#8220;][vc_column 0=&#8220;&#8220;][vc_cta h2=&#8220; Potrebujete navrhn\u00fa\u0165 a vyrobi\u0165 nov\u00fd interi\u00e9r ? &#8220; h4=&#8220;kontaktujte n\u00e1s telefonicky alebo mailom &#8220; shape=&#8220;square&#8220; [&hellip;]","og_url":"http:\/\/atelier2011.sk\/?page_id=2","og_site_name":"Atelier2011","article_modified_time":"2022-10-30T20:57:11+00:00","twitter_card":"summary_large_image","twitter_misc":{"Predpokladan\u00fd \u010das \u010d\u00edtania":"2 min\u00faty"},"schema":{"@context":"https:\/\/schema.org","@graph":[{"@type":"WebPage","@id":"http:\/\/atelier2011.sk\/?page_id=2","url":"http:\/\/atelier2011.sk\/?page_id=2","name":"- Atelier2011","isPartOf":{"@id":"http:\/\/atelier2011.sk\/#website"},"datePublished":"2017-12-12T14:34:36+00:00","dateModified":"2022-10-30T20:57:11+00:00","inLanguage":"sk-SK","potentialAction":[{"@type":"ReadAction","target":["http:\/\/atelier2011.sk\/?page_id=2"]}]},{"@type":"WebSite","@id":"http:\/\/atelier2011.sk\/#website","url":"http:\/\/atelier2011.sk\/","name":"Atelier2011","description":"","publisher":{"@id":"http:\/\/atelier2011.sk\/#organization"},"potentialAction":[{"@type":"SearchAction","target":{"@type":"EntryPoint","urlTemplate":"http:\/\/atelier2011.sk\/?s={search_term_string}"},"query-input":"required name=search_term_string"}],"inLanguage":"sk-SK"},{"@type":"Organization","@id":"http:\/\/atelier2011.sk\/#organization","name":"Atelier2011","url":"http:\/\/atelier2011.sk\/","logo":{"@type":"ImageObject","inLanguage":"sk-SK","@id":"http:\/\/atelier2011.sk\/#\/schema\/logo\/image\/","url":"http:\/\/atelier2011.sk\/wp-content\/uploads\/2018\/05\/Bez-n\u00e1zvu-1-logo-2.bmp","contentUrl":"http:\/\/atelier2011.sk\/wp-content\/uploads\/2018\/05\/Bez-n\u00e1zvu-1-logo-2.bmp","width":187,"height":114,"caption":"Atelier2011"},"image":{"@id":"http:\/\/atelier2011.sk\/#\/schema\/logo\/image\/"}}]}},"_links":{"self":[{"href":"http:\/\/atelier2011.sk\/index.php?rest_route=\/wp\/v2\/pages\/2"}],"collection":[{"href":"http:\/\/atelier2011.sk\/index.php?rest_route=\/wp\/v2\/pages"}],"about":[{"href":"http:\/\/atelier2011.sk\/index.php?rest_route=\/wp\/v2\/types\/page"}],"author":[{"embeddable":true,"href":"http:\/\/atelier2011.sk\/index.php?rest_route=\/wp\/v2\/users\/1"}],"replies":[{"embeddable":true,"href":"http:\/\/atelier2011.sk\/index.php?rest_route=%2Fwp%2Fv2%2Fcomments&post=2"}],"version-history":[{"count":6,"href":"http:\/\/atelier2011.sk\/index.php?rest_route=\/wp\/v2\/pages\/2\/revisions"}],"predecessor-version":[{"id":678,"href":"http:\/\/atelier2011.sk\/index.php?rest_route=\/wp\/v2\/pages\/2\/revisions\/678"}],"wp:attachment":[{"href":"http:\/\/atelier2011.sk\/index.php?rest_route=%2Fwp%2Fv2%2Fmedia&parent=2"}],"curies":[{"name":"wp","href":"https:\/\/api.w.org\/{rel}","templated":true}]}}